791680993 a composite number?
True
Is 17471622209 a composite number?
True
Is 48814832797 a prime number?
False
Is 5075687717 prime?
True
Is 12402118291 a composite number?
False
Is 4165514239 composite?
False
Is 1954812799 prime?
False
Is 62119676107 a prime number?
True
Is 12963478009 a prime number?
False
Is 7537731367 composite?
False
Is 2245258567 composite?
False
Is 7330357193 prime?
True
Is 2221319537 composite?
True
Is 220294381 a prime number?
False
Is 11647615151 prime?
False
Is 11101284633 a prime number?
False
Is 73580641 composite?
True
Is 78257111833 a composite number?
False
Is 658218511 prime?
True
Is 222773171 composite?
True
Is 482763497 a composite number?
True
Is 15137702399 a prime number?
True
Is 20118979577 a prime number?
False
Is 8545705523 a composite number?
False
Is 37317040609 prime?
False
Is 39618359 a composite number?
True
Is 103698406139 prime?
True
Is 14699681149 composite?
True
Is 7376057285 a prime number?
False
Is 10215376343 a prime number?
True
Is 18379934701 a composite number?
False
Is 7606380293 prime?
True
Is 15653110183 prime?
True
Is 353780601 a prime number?
False
Is 156472305553 a composite number?
False
Is 52011088187 composite?
False
Is 2651921093 prime?
False
Is 78612371 a prime number?
False
Is 4392040421 composite?
False
Is 198659963 composite?
False
Is 12736114747 prime?
True
Is 15925349 a prime number?
False
Is 769406609 composite?
False
Is 13138665229 composite?
True
Is 1521765947 a prime number?
False
Is 15331536127 a composite number?
False
Is 34976201363 prime?
True
Is 9814599251 a prime number?
False
Is 4789598089 composite?
True
Is 38720273057 a prime number?
False
Is 9275788511 a prime number?
False
Is 56774973623 a composite number?
False
Is 674838971 a prime number?
True
Is 4297308511 a composite number?
True
Is 2778736771 a prime number?
True
Is 13089594347 prime?
False
Is 4541579971 composite?
True
Is 77925993767 composite?
True
Is 7157499179 a composite number?
False
Is 892042189 a prime number?
False
Is 17514227053 composite?
True
Is 346573051 a composite number?
True
Is 341615779 a composite number?
True
Is 1955395957 composite?
True
Is 35837748223 a composite number?
False
Is 234287403178 composite?
True
Is 4343210533 a prime number?
False
Is 3716745035 a prime number?
False
Is 82482445 prime?
False
Is 31638935599 prime?
True
Is 11921729 a composite number?
False
Is 85792702 a prime number?
False
Is 1542866687 composite?
True
Is 39924123341 composite?
False
Is 33812852999 a composite number?
True
Is 44238460753 composite?
True
Is 50486233723 a composite number?
False
Is 59742820817 a prime number?
False
Is 146300196337 a composite number?
False
Is 2528622193 prime?
True
Is 969360841 prime?
False
Is 21960588167 composite?
True
Is 21335376163 a prime number?
True
Is 3437950895 a composite number?
True
Is 326012130061 a composite number?
False
Is 441681439 composite?
False
Is 8875584121 a prime number?
True
Is 5943561407 a prime number?
False
Is 465804499 composite?
False
Is 7294448449 composite?
False
Is 162785450911 a prime number?
False
Is 3016186522 a prime number?
False
Is 6237963157 a composite number?
False
Is 1165656599 a composite number?
True
Is 2776074569 composite?
False
Is 86690219386 a prime number?
False
Is 4377806193 a composite number?
True
Is 116991139 a composite number?
False
Is 178938949 a prime number?
False
Is 16799013817 a prime number?
True
Is 12491001871 a prime number?
False
Is 5519177201 composite?
True
Is 647411143 prime?
True
Is 513010189 a composite number?
False
Is 2708797067 a prime number?
True
Is 7063335701 prime?
False
Is 635048747 composite?
False
Is 3140802571 a composite number?
False
Is 87564543905 composite?
True
Is 9644917403 composite?
True
Is 231041351 composite?
False
Is 1898085967 composite?
False
Is 6532439765 composite?
True
Is 599885738 composite?
True
Is 12761600219 a composite number?
False
Is 199260917 composite?
True
Is 2739314147 prime?
False
Is 10523025587 composite?
False
Is 199842437 composite?
True
Is 65346780539 composite?
True
Is 109609283801 composite?
False
Is 7871879203 composite?
False
Is 1904672543 a prime number?
True
Is 37771581659 composite?
True
Is 32378893 composite?
True
Is 2069214967 a prime number?
True
Is 168822907 a prime number?
False
Is 172035599 a prime number?
False
Is 705843926 a composite number?
True
Is 65994211263 composite?
True
Is 158107277 a composite number?
False
Is 102105737 composite?
False
Is 7862013941 composite?
True
Is 1033706759 a composite number?
False
Is 717361457 prime?
True
Is 6610405679 a composite number?
False
Is 1263931073 composite?
True
Is 148911078973 composite?
True
Is 33541180537 a composite number?
False
Is 89551650719 a composite number?
False
Is 28767681449 composite?
True
Is 2778885651 composite?
True
Is 6742201051 a prime number?
True
Is 40353363073 composite?
False
Is 1399359961 composite?
True
Is 1290034077 a prime number?
False
Is 47644996963 a composite number?
False
Is 3194929841 composite?
False
Is 4482675437 a composite number?
False
Is 30868615129 a prime number?
False
Is 822765007 prime?
True
Is 10170585871 a composite number?
False
Is 74978767 composite?
True
Is 18179214233 prime?
True
Is 14815128553 prime?
False
Is 17698290001 a prime number?
False
Is 2073445887 a composite number?
True
Is 1429418339 composite?
True
Is 1611920971 composite?
False
Is 630298979 prime?
False
Is 3791394779 composite?
True
Is 5093167757 composite?
False
Is 139260934957 a prime number?
False
Is 5476988057 a prime number?
True
Is 15794451014 prime?
False
Is 363935255 a composite number?
True
Is 3215304301 a prime number?
False
Is 694757779 prime?
True
Is 729544811 composite?
True
Is 9878957467 prime?
False
Is 11601193349 a prime number?
False
Is 661088473 prime?
True
Is 733572667 a composite number?
True
Is 386230493 prime?
False
Is 62624640157 a composite number?
True
Is 116808617 prime?
False
Is 4088575229 a prime number?
True
Is 915344621 prime?
True
Is 356868689771 a composite number?
True
Is 34640208173 prime?
False
Is 116598731 a prime number?
True
Is 878892877 a composite number?
True
Is 49715120087 a composite number?
False
Is 1582681937 prime?
True
Is 198164543 a composite number?
False
Is 869594077 composite?
True
Is 7406017358 a prime number?
False
Is 97591121 a composite number?
False
Is 582336067 composite?
False
Is 10941209159 a composite number?
False
Is 63616373 a prime number?
False
Is 21613939051 a prime number?
True
Is 6317424391 prime?
False
Is 2969929829 prime?
True
Is 182635897 composite?
True
Is 144455513 prime?
True
Is 17062482683 a composite number?
True
Is 2714903693 a composite number?
True
Is 278624918129 a composite number?
False
Is 10379898931 composite?
True
Is 66106478093 prime?
False
Is 2652597307 a composite number?
False
Is 2458494329 composite?
True
Is 232690351 prime?
True
Is 2777185357 a composite number?
False
Is 144298079 composite?
True
Is 12108370877 a composite number?
True
Is 11570601737 prime?
False
Is 162657361 composite?
False
Is 13772218253 composite?
True
Is 295493477 composite?
False
Is 3536698637 composite?
True
Is 79771786109 composite?
False
Is 35264468401 prime?
False
Is 2936288687 a composite number?
False
Is 6892031 prime?
True
Is 11918053897 a prime number?
False
Is 647571311 a prime number?
False
Is 27200827673 a composite number?
False
Is 13622085709 a prime number?
True
Is 8654568971 prime?
False
Is 1338571597 a prime number?
False
Is 2182087279 composite?
False
Is 31162353161 composite?
False
Is 4133399051 a prime number?
False
Is 2521438037 a prime number?
True
Is 38984775517 composite?
False
Is 3520291417 a prime number?
True
Is 9787323437 prime?
True
Is 803468123 composite?
False
Is 2564760941 composite?
False
Is 32879957377 a composite number?
False
Is 45749623 a composite number?
False
Is 592303427 a composite number?
True
Is 190375085 a composite number?
True
Is 28498672243 composite?
False
Is 6168680211 prime?
False
Is 852174751 composite?
True
Is 1184636939 composite?
False
Is 345602940693 composite?
True
Is 119905171 prime?
True
Is 953024621 a prime number?
True
Is 66866808409 composite?
False
Is 37892482899 a composite number?
True
Is 128679099 a prime number?
False
Is 206384723 composite?
True
Is 2438750